 447 + -107 + -1 + 67 + -66.
-112
1 + (12 - -1) - (732 - 716)
-2
Calculate 46 + -34 + 18 - 20.
10
What is the value of 1 - (19 + 15 + (18 - 153) + (0 - -6))?
96
Calculate (-94 - -15) + -2 + 11 + -11 + -5 + 1.
-85
-19 + -14 + 65 - (-3 + 24)
11
Calculate 3 + -34 + (107 - 116) - (-29 - -14).
-25
What is the value of (11 - (2 - -21)) + 15 + -1?
2
What is 53 - (37 - (39 - 37))?
18
Calculate -53 + (-141 - -105) - -116.
27
-19 + (-4 - (-3 - (-6 + 11))) + 68
53
-5 + 8 + -7 + 10 + -63 + (32 - 18)
-43
What is the value of -28 - (12 - 66) - (-3 + 30)?
-1
-48 - (0 + -1 - (-6 - (-32 + (38 - 22))))
-37
7 + -10 + -1 + -54 + 91 + -38
-5
What is 155 + 108 + (-4 - 392)?
-133
Evaluate 31 + -123 - (4 + (-12 - -4) + -4).
-84
What is -5 + (-24 - -3 - -42) - -16?
32
What is 26 + -184 + 129 + (-2 - -3 - -13)?
-15
Evaluate -14 + 7 + -9 + 3 + -3 + 2.
-14
10 - (7 + 16 + -32)
19
Calculate -20 + 0 - (21 - (2 + 63 + -37)).
-13
What is the value of -13 + (6 - 5) + 14 + (10 + -8 - -9)?
13
Evaluate 0 + 8 - (-36 - (-51 + 35) - -8).
20
What is the value of -9 - (-10 + -1 - -4) - 12 - -36?
22
What is the value of 44 + (28 - (35 - 14)) + -21?
30
Evaluate 65 - (-10 + 22 + -17 + 29 + -27).
68
What is the value of -70 + 95 + 86 + -67?
44
What is the value of 0 + 33 - (8 + 2 - 5)?
28
-129 - -122 - ((18 - -5) + -4)
-26
What is (1 - -75) + -64 + (-9 - -62) - -8?
73
What is 0 + 12 - (170 - 154 - (-1 - -18))?
13
((26 - 11) + -4 - (0 + -1 + 4)) + 9
17
What is the value of 24 - 0 - (60 - 105 - -2)?
67
What is -56 + 2 + 43 + (-2 + -23 - 1)?
-37
What is ((23 - 0) + -45 + 38 + -2 - 0) + -68?
-54
What is (2 - (0 - -11 - (26 - 23))) + 4?
-2
11 + -28 + 16 + 2 + 44
45
Evaluate (13 - (2 - -7 - 7 - -2)) + (-3 - -17).
23
Evaluate -42 + 10 + 32 - 39.
-39
What is the value of 0 + -25 - (-300 - -272) - (2 - 1)?
2
What is 2276 - 2282 - (-1 - 29)?
24
What is the value of 8 + 51 - (-166 + 292)?
-67
What is (33 - (36 + 29) - -35) + 0 + -55?
-52
What is -100 + 23 + -22 + (19 - 5)?
-85
What is 41 + -33 - (12 + -3 + -5 - -69)?
-65
23 + (-88 - -78) + 8 + 0 + 10
31
What is the value of -27 - -2 - ((-116 - 69) + 156)?
4
Evaluate (1 - -2) + (72 - 77) - -40.
38
What is -54 - -6 - (-58 - (-33 - -5))?
-18
What is (1 - (23 - -2)) + 6 + 871 + -852?
1
Evaluate -1 + (-1 - (6 + 2) - (-13 + 0 - -10)).
-7
What is the value of 15 + (57 - 30 - (21 + -1))?
22
What is the value of -37 + -3 + 6 - (33 - 40)?
-27
Evaluate (31 - (22 + (8 - 7))) + 5.
13
Evaluate 22 + 29 + -21 + -24 + -61.
-55
Evaluate 13 - (-4 + 8 + 1 + -4 + 10 + -11).
13
(647 - 758) + 246 + -9
126
What is (0 - (-2 + 55) - -19) + 121?
87
Calculate (-20 - -2 - (34 + -39)) + (-85 - (24 + -20)).
-102
What is the value of (25 - -23) + (-96 - -5)?
-43
Calculate -7 + 24 + -22 - 16 - (2 - -3).
-26
Calculate 86 - -1 - (1862 - 1802).
27
(-66 - (-1 + 0)) + (29 - 32 - 14)
-82
What is the value of (-2 - -3) + -4 + -6 + 144 + -69 + -20?
46
Calculate 106 + 4 + 0 + -46 + -62 + 127.
129
Evaluate -10 - ((-2 - -8) + (1 - -9) + -49 + 27).
-4
Evaluate -3 + 97 + 4 + (15 - 39).
74
What is the value of 24 - (-3 + -16) - (28 + 6)?
9
Evaluate -10 - (-4 - (7 - -1)) - (-16 + -1).
19
Calculate -104 - (40 + (123 - 159)).
-108
Calculate 9 - (4 - 16) - (47 - -13).
-39
What is (-71 - (65 + -198)) + -79?
-17
Evaluate -103 - -189 - -3 - 127.
-38
What is the value of -79 + 103 + 22 + -31 + 30 + 0?
45
Calculate 43 + 40 + -44 + -6 - 74.
-41
Evaluate -50 - 1 - ((4 - -60 - 35) + -43).
-37
What is the value of 2 + (-3 + 0 + -7 - -39) + 3?
34
What is -61 + 49 - ((11 - (-17 + 5)) + -10)?
-25
Calculate 204 + -20 + 16 + -50 + (0 - 13).
137
Evaluate (4 + 2 - (27 - 90)) + 3 + -16.
56
Calculate -2 - 56 - ((2011 - 1981) + -1 + -22).
-65
-12 - (-71 - ((-10 - -25) + -15 + 7))
66
What is the value of (-30 - -1) + (-9267 - -9339)?
43
-10 + (-9 - (4 + (-23 - 6))) - 23
-17
(-1 - -1) + (106 - (118 + -44))
32
Calculate (8 + 12 + -6 + 4 - 19) + (-1 - 40).
-42
Evaluate -68 - (-70 + -12 - -88).
-74
Evaluate -43 - -40 - (9 - (-3 - 12)).
-27
Evaluate -9 + (1 + 3 + -6 - (-6 + 1 + 10)).
-16
-15 + -3 + 7 + -33 + 51
7
-2 + 9 + (-124 - (0 - 83))
-34
What is (65 - 190) + 209 + 19?
103
What is the value of -3 + -1 + -1 + -93 + 7 + 24 - -6?
-61
(24 - 2) + -8 + 4 + 12
30
What is the value of -15 - (-13 + -18 + 34 - 49)?
31
What is the value of -7 + (-55 - -57 - 38)?
-43
What is -29 - 2 - (-1 + (20 - 17 - -9))?
-42
What is the value of (31 - 2 - 35) + 53 - (-4 - (1 - -1))?
53
What is (36 - (13 - (35 + -21))) + 6?
43
Calculate (1 - 0) + (0 + 1 - -50) + (105690 - 105684).
58
Calculate 1 + -2 + (89 - (36 - -57)) + 1 + -6.
-10
Calculate -21 - 0 - (111 - 29) - (-1 + -15).
-87
75 + (-28 - 48) + (26 - 0)
25
12 - ((-48 - 0 - -19) + -5 + 11)
35
What is -113 - ((111 - 324) + 9)?
91
Evaluate -21 + (-11 + 21 - 15) - 23.
-49
Evaluate 13 - (64 - (15 - (24 + (4 - 1)))).
-63
Evaluate 30 - ((2 - -12) + -7 - (-15 - -35)).
43
Evaluate (-5 - -3 - (-6 - -10)) + 56 - 7.
43
86 + 84 + -165 + -5 + 2
2
What is -72 + 35 + -31 + -9 + 27?
-50
Evaluate -44 - -3 - (-112 - -123).
-52
1 + -5 - 42 - (23 + -35 + (3 - -2))
-39
What is -6 - 16 - (-1 + -9) - (-4 + (-8 - -8))?
-8
Evaluate (6 - -1) + (3 - (-28 - (6 - 11)) - -2).
35
What is -169 + 66 + -9 - -185?
73
Evaluate -31 + 60 + (150 - 96).
83
Calculate 1 + -14 + -10 + (24 - (16 + -4)).
-11
What is 31 + -62 + 5 + (-7 - -21)?
-12
What is -321 + 229 + 72 + (2 - -94)?
76
What is the value of (47 - 13) + 9 - 60 - (-1 - 13)?
-3
Calculate (-19680 - -19659) + (-23 - 1).
-45
Calculate 67 + -96 + (-36 - -15).
-50
Calculate -2 + 20 + (20 - (8 - 16)).
46
What is the value of (5 + 94 - (114 - 102)) + 9 + -1?
95
65 - (94 + -83) - -52
106
Evaluate 32 - (1 - (-17 - (3 + -16))).
27
Calculate (50 - 3) + 3 + 28 + -15 + -21 + 5.
47
Calculate 23 + 3 + -23 + 19 + -64.
-42
Calculate (98 - 105) + (9 - -1 - (-32 - (13 - 22))).
26
Evaluate -11 - (19 + 0 - (-21 + 41 + -7)).
-17
Evaluate 97 - (47 + (131 - -24)).
-105
What is (22 - -3 - 2) + (23 - 11 - 43) + 23?
15
Evaluate (23 - 0) + (1808 - 1856).
-25
What is the value of 10 - (2 + -10 + -1 + 218 + -209 - 65)?
75
-71 + 60 + 8 + (-2 - 0) + (2 - -57)
54
Calculate -5 - (-162 - -50 - (8 - 6 - 0 - 7)).
102
Calculate (-4 - (-10 - -10) - 37) + (-21 - -32).
-30
Evaluate 260 + -68 + -98 - 90.
4
Calculate (91 + -104 - (0 - (-3 - 23))) + 22.
-17
Calculate -12 - -1 - (0 - 4 - (7 - (-16 + 33))).
-17
-5 - (-6 - -8) - (-33 + 19 + 5 - -1)
1
What is -1 + 29 - (9072 + -8979)?
-65
Evaluate -17 - ((6 - 15) + (3 - 151) + 8).
132
What is the value of 25 + -16 - 13 - -3 - (0 + 29)?
-30
(37 - 15) + -7 + -2 + (3 - -56)
72
What is -52 - (-63 - 53) - 124?
-60
-4 + (-9 - (17 - 35)) + (-57 + 3 - 2)
-51
Evaluate 30 + (-32 + 11 - 19) - (-98 + 4).
84
What is the value of 16 + -6 + 1 + (-3 - (-10 - 1))?
19
Calculate (-938 - -957) + (4 - (108 - -3)) + (1 - -7).
-80
What is the value of -10 + 0 + (-6 - 31) + (2 - -4) - 6?
-47
2 + -10 + (4 + (-4 - (-32 + 1)) - -8)
31
What is -3 + 41 + (-64 - -47)?
21
Calculate 118 + (76 + 34 + -74 - 42).
112
Evaluate 5 - (35 + 36 + -80) - (-11 + 1).
24
98 + -117 - (3 + -42) - 28 - (2 + 10)
-20
Calculate -28 + 23 + 65 + (-13 - -2).
49
What is 25 + (-18 - -63) + -38 + 78 + 1?
111
What is 14 - (9 - 6 - (-12 + 9 + 3 + -8))?
3
Evaluate (-18 - -44) + (-15 - 2) + -16.
-7
Evaluate 2 + (-12 + -10 - -57).
37
(-3 - -4 - 4) + -12 + 16 + -2 + -22
-23
Calculate 49 + 0 - (-64 + 12 + 34).
67
Calculate -31 + 13 + (4 - -1) - (39 + -17).
-35
What is 3 + (83 + -91 - (-1 - (-7 + 66)))?
55
What is the value of (9 - (3 - ((-1 - 23) + (105 - 94)))) + 10?
3
What is 85 + 33 + (-6 - (5 + -3)) + -7?
103
What is 22 + (-8 + -4 + 19 - -14)?
43
Evaluate 4 - (-2 - (5 + (-5 - (5 + 9)))) - -23.
15
What is the value of 1 + -6 + 13 + -6 + -2 + (-14 - -7)?
-7
Evaluate 18 - -13 - (-30 + 37 + (0 - -2 - 0)).
22
Calculate -655 + 694 + (-59 - -1).
-19
Evaluate 15 + 3 + -13 + 9 - (11 + -2) - 29.
-24
What is (-1 - 6) + 214 + -205 + 5 + (50 - 5)?
52
What is (8 - (-6 + -20 - -10)) + 0?
24
Calculate 116 + (-230 + 104 - 105).
-115
(179 - 155) + (-66 - 4) + -7 - (1 - 10)
-44
Calculate -27 + (-123 - -132) + 85.
67
3 + -8 + -1 - 0 - 0 - (-221 + 215)
0
What is the value of 2 + -27 + (5 - -7 - -6) + -19?
-26
57 + 27 + 12 + -18 + 17
95
75 - (33 + 35) - (-27 - -2)
32
What is the value of (4 - ((0 - 25) + 12 - (-2 + -2))) + 5?
18
What is the valu